e factors of 988977.
3, 11, 23, 1303
List the prime factors of 1969162.
2, 13, 53, 1429
What are the prime factors of 141574?
2, 71, 997
What are the prime factors of 11120363?
17, 167, 3917
List the prime factors of 20262024.
2, 3, 347, 811
What are the prime factors of 346769?
19, 18251
What are the prime factors of 277037?
29, 41, 233
What are the prime factors of 164919?
3, 54973
List the prime factors of 120691.
120691
List the prime factors of 1960406.
2, 7, 17, 8237
List the prime factors of 185650.
2, 5, 47, 79
List the prime factors of 13199489.
13199489
List the prime factors of 9969945.
3, 5, 664663
What are the prime factors of 2279928?
2, 3, 7, 41, 331
List the prime factors of 15089290.
2, 5, 1508929
What are the prime factors of 2211270?
2, 3, 5, 73709
What are the prime factors of 4418389?
4418389
List the prime factors of 1175695.
5, 83, 2833
What are the prime factors of 21407086?
2, 10703543
List the prime factors of 467437.
467437
List the prime factors of 783258.
2, 3, 7, 17, 1097
List the prime factors of 12536227.
11, 107, 10651
What are the prime factors of 8919444?
2, 3, 31, 23977
List the prime factors of 162318.
2, 3, 13, 2081
What are the prime factors of 8234923?
19, 163, 2659
List the prime factors of 2320279.
13, 17, 10499
What are the prime factors of 2071637?
17, 31, 3931
List the prime factors of 7721834.
2, 3860917
List the prime factors of 3042476.
2, 760619
What are the prime factors of 13640419?
13, 1049263
List the prime factors of 2158203.
3, 179, 4019
What are the prime factors of 269602?
2, 163, 827
List the prime factors of 127546.
2, 63773
What are the prime factors of 13448987?
13448987
List the prime factors of 1985730.
2, 3, 5, 66191
What are the prime factors of 3389922?
2, 3, 47, 4007
What are the prime factors of 11216460?
2, 3, 5, 19, 9839
List the prime factors of 520204.
2, 130051
List the prime factors of 487351.
31, 79, 199
What are the prime factors of 6716428?
2, 17, 43, 2297
List the prime factors of 140641.
17, 8273
What are the prime factors of 57285?
3, 5, 19, 67
List the prime factors of 221601.
3, 73867
List the prime factors of 7161979.
11, 37, 17597
List the prime factors of 3182635.
5, 83, 7669
What are the prime factors of 24559196?
2, 157, 39107
List the prime factors of 20228881.
53, 61, 6257
List the prime factors of 136270.
2, 5, 13627
What are the prime factors of 11781408?
2, 3, 17, 7219
List the prime factors of 2917316.
2, 729329
What are the prime factors of 34680?
2, 3, 5, 17
List the prime factors of 8891947.
31, 373, 769
List the prime factors of 4724318.
2, 2362159
List the prime factors of 359173.
193, 1861
What are the prime factors of 131811?
3, 53, 829
What are the prime factors of 338337?
3, 4177
What are the prime factors of 955672?
2, 17, 7027
What are the prime factors of 577715?
5, 227, 509
What are the prime factors of 25832449?
25832449
What are the prime factors of 1832799?
3, 610933
What are the prime factors of 207112?
2, 25889
What are the prime factors of 209581?
209581
List the prime factors of 225876.
2, 3, 7, 2689
List the prime factors of 950526.
2, 3, 52807
What are the prime factors of 594751?
594751
What are the prime factors of 1005024?
2, 3, 19, 29
List the prime factors of 4382196.
2, 3, 7, 13, 4013
List the prime factors of 4552135.
5, 7, 83, 1567
What are the prime factors of 531372?
2, 3, 44281
What are the prime factors of 10113108?
2, 3, 842759
List the prime factors of 404506.
2, 41, 4933
What are the prime factors of 4918179?
3, 7, 33457
List the prime factors of 710136.
2, 3, 7, 1409
What are the prime factors of 280004?
2, 70001
What are the prime factors of 2833375?
5, 19, 1193
List the prime factors of 5685149.
5685149
List the prime factors of 3984551.
101, 39451
What are the prime factors of 2053571?
13, 47, 3361
List the prime factors of 9711032.
2, 1213879
What are the prime factors of 27701730?
2, 3, 5, 7, 14657
List the prime factors of 404679.
3, 11, 12263
List the prime factors of 2232023.
2232023
What are the prime factors of 433385?
5, 86677
List the prime factors of 5183659.
13, 181, 2203
List the prime factors of 11212757.
2243, 4999
List the prime factors of 25222634.
2, 29, 434873
List the prime factors of 40645.
5, 11, 739
List the prime factors of 155772.
2, 3, 4327
List the prime factors of 8626313.
211, 40883
What are the prime factors of 554046?
2, 3, 107, 863
What are the prime factors of 4477709?
23, 194683
What are the prime factors of 3927043?
23, 170741
What are the prime factors of 2036248?
2, 359, 709
What are the prime factors of 791288?
2, 98911
What are the prime factors of 9612776?
2, 101, 11897
What are the prime factors of 1529925?
3, 5, 20399
What are the prime factors of 282498?
2, 3, 197, 239
List the prime factors of 61411.
7, 31, 283
List the prime factors of 89207.
37, 2411
List the prime factors of 1787319.
3, 53, 1249
What are the prime factors of 2895627?
3, 7, 17, 8111
List the prime factors of 2755257.
3, 271, 3389
What are the prime factors of 209078?
2, 107, 977
What are the prime factors of 3582616?
2, 447827
What are the prime factors of 5821803?
3, 13, 17, 2927
What are the prime factors of 116785?
5, 23357
List the prime factors of 19547965.
5, 3909593
List the prime factors of 468948.
2, 3, 39079
What are the prime factors of 220527?
3, 107, 229
What are the prime factors of 216162?
2, 3, 4003
List the prime factors of 10590943.
11, 43, 22391
List the prime factors of 1810938.
2, 3, 113, 2671
List the prime factors of 22521403.
19, 1185337
What are the prime factors of 10242011?
13, 103, 7649
What are the prime factors of 2566097?
2566097
List the prime factors of 215236.
2, 7, 7687
List the prime factors of 93246.
2, 3, 15541
What are the prime factors of 1534741?
13, 118057
List the prime factors of 9448841.
9448841
What are the prime factors of 703349?
703349
List the prime factors of 173282.
2, 23, 3767
List the prime factors of 3721388.
2, 11, 83, 1019
What are the prime factors of 272379?
3, 90793
List the prime factors of 21205082.
2, 1453, 7297
List the prime factors of 850365.
3, 5, 6299
List the prime factors of 2047410.
2, 3, 5, 7583
What are the prime factors of 3219094?
2, 19, 84713
What are the prime factors of 846089?
19, 44531
List the prime factors of 3732453.
3, 138239
What are the prime factors of 6120397?
463, 13219
What are the prime factors of 3086382?
2, 3, 13, 39569
List the prime factors of 978830.
2, 5, 97883
List the prime factors of 118898.
2, 13, 17, 269
What are the prime factors of 38073?
3, 7, 37
List the prime factors of 918228.
2, 3, 76519
What are the prime factors of 261568?
2, 61, 67
What are the prime factors of 5751343?
13, 47, 9413
What are the prime factors of 2546215?
5, 7, 23, 3163
List the prime factors of 215872.
2, 3373
What are the prime factors of 45967?
43, 1069
List the prime factors of 4778461.
43, 111127
List the prime factors of 267231.
3, 281, 317
What are the prime factors of 1345290?
2, 3, 5, 44843
List the prime factors of 3522997.
643, 5479
What are the prime factors of 5663437?
13, 435649
What are the prime factors of 259634?
2, 43, 3019
List the prime factors of 5192521.
5192521
List the prime factors of 1896219.
3, 13, 19, 853
List the prime factors of 8167804.
2, 547, 3733
List the prime factors of 2848472.
2, 11, 32369
What are the prime factors of 66258?
2, 3, 409
List the prime factors of 87900.
2, 3, 5, 293
What are the prime factors of 11641855?
5, 17, 136963
What are the prime factors of 57015?
3, 5, 7, 181
What are the prime factors of 729456?
2, 3, 7, 13, 167
List the prime factors of 64341.
3, 2383
List the prime factors of 12368236.
2, 1381, 2239
What are the prime factors of 2463151?
2463151
What are the prime factors of 2006985?
3, 5, 67, 1997
What are the prime factors of 646555?
5, 7, 13, 29
List the prime factors of 1867678.
2, 933839
What are the prime factors of 10495687?
59, 177893
List the prime factors of 13523194.
2, 17, 41, 89, 109
What are the prime factors of 622162?
2, 67, 4643
What are the prime factors of 297139?
107, 2777
What are the prime factors of 10354022?
2, 7, 383, 1931
What are the prime factors of 885704?
2, 19, 5827
What are the prime factors of 18731430?
2, 3, 5, 23, 9049
Lis